What is the ten thousands digit of 20062/(-1 - -1 - (13 + (-135)/10))?
4
Suppose 36*j = 59*j - 17710. Let u = -371 + j. What is the hundreds digit of u?
3
Suppose 0 = 15*v - 122169 - 44676. What is the thousands digit of v?
1
Suppose -16 = 5*n - r, 0 = 10*n - 6*n - r + 13. What is the tens digit of n/(4 + 1/(295/(-1185)))?
7
Let w = -70 - -121. Let o = w + -37. What is the units digit of 987/o*(-2)/(-3)?
7
Let w be (-1)/2 + 1197/42 + -3. Let o(g) = 24*g - 46. What is the units digit of o(w)?
4
Let q(k) = 2*k**3 - 2*k + 120. Let s be q(0). Suppose -15*u + s = -9*u. Suppose -u = 5*l, 0 = 2*x - 3*l - 127 - 199. What is the hundreds digit of x?
1
Suppose 6*r + 3 = 15. Suppose d + 5*x - 111 = 0, -3*d + r*d + 3*x = -87. Suppose 3*l + 115 = w, 3*w - 3*l + d = 453. What is the tens digit of w?
2
Suppose 0 = 2*c + 2 - 10. Suppose -6*t + 9*t + 65 = j, 240 = c*j - 2*t. What is the tens digit of j?
5
Suppose -w + r + 60856 - 627 = 0, -5*r + 481754 = 8*w. What is the ten thousands digit of w?
6
Let l be (-1 - (-4)/(-6))/(75/8550). What is the hundreds digit of (-49248)/l + 4/5?
2
Let b(u) = 4*u**3 + 204*u**2 - 9*u + 285. What is the hundreds digit of b(-51)?
7
Suppose -u = 4*l - 50, -16*l - 50 = -u - 21*l. What is the hundreds digit of 2 - ((-20)/u + (-3684)/15)?
2
Let a(w) = -268*w**3 + 8*w**2 - 10*w - 63. What is the tens digit of a(-4)?
5
Let j = 1702 + 387. What is the hundreds digit of j?
0
Let h be (3/(24/514))/(2/8). Let x = h + 80. What is the units digit of x?
7
Let p = -30 - -74. What is the hundreds digit of p/(-11)*-1 + 903 + 0?
9
Let z(s) be the third derivative of -s**4/3 + 5*s**3/6 + 22*s**2. What is the units digit of z(-4)?
7
Suppose -9*k + 11*k - 12 = -2*g, 3*g = k + 18. What is the units digit of (-104 - -330)*2/(4/g)?
8
Let m(r) = 230*r - 1572. What is the thousands digit of m(16)?
2
Let z be (-30 + 26)/(1/(-23)). Suppose -l + 49 = 2*w, -z - 108 = -4*l - 4*w. Let h = 117 - l. What is the units digit of h?
6
Suppose -3*w = 3*h + 114 - 30, -4*w = -h + 107. What is the thousands digit of 1089 - 4*w/(-18)?
1
Let s(l) = 194*l + 2000. What is the tens digit of s(45)?
3
Let w(p) = -p**3 - 11*p**2 + 8*p + 8. Let y be (-18)/(-6)*(-52)/12. What is the hundreds digit of w(y)?
2
Suppose -2*h = -2, -k = 4*k - 3*h - 11257. Suppose 22*u + 228 = k. What is the tens digit of u?
9
Let p = -15241 - -27760. What is the units digit of p?
9
Suppose t = -38*x + 33*x + 101044, -5*x + 4*t = -101049. What is the tens digit of x?
0
Let h = 40648 - 24048. What is the ten thousands digit of h?
1
Suppose 0 = 3*l - 23 + 35. Let p(b) = -6*b**3 - 4*b**2 + 2*b - 5. What is the hundreds digit of p(l)?
3
Suppose 2*t = 2*v + 2874, -2*v = -2*t + 5*t - 4306. What is the hundreds digit of t?
4
Suppose -33*o + 4*l + 67 = -30*o, 103 = 5*o + 2*l. Let v(n) = 25*n - 11. What is the hundreds digit of v(o)?
5
Suppose 108106 = 2*j - 5*p, 5*j - 270335 = -32*p + 27*p. What is the thousands digit of j?
4
Let h be (2/(6/(-9)))/((-2)/24). What is the tens digit of (h/(-72))/((-1)/846)?
2
Let q(y) = -2*y**2 + 13*y + 3. Let u = 56 - 49. Let b be q(u). What is the units digit of (-3 - (b + 4)) + (-2 - -27)?
2
What is the units digit of 84/(-15)*(-13950)/20?
6
Let l = 1257 - 552. Suppose q = -2*v + l, 20*v - 21*v + 325 = -5*q. What is the tens digit of v?
5
Let b(g) be the first derivative of g**3/3 - 9*g**2/2 + 13*g + 184. What is the units digit of b(8)?
5
Suppose 21*q = -107*q + 1424128. What is the thousands digit of q?
1
Let a = 9 - 7. Suppose -5*u + 4*u = a, u - 10 = -3*l. Suppose -3*m = -3*i - 180, -l*m - 4*i = -67 - 157. What is the units digit of m?
8
Suppose 2 = -5*k + 22. What is the units digit of (k - (-17)/(-4))*(-2868)/3?
9
Suppose 0 = -2*a + 5*b + 175, -2*a = 3*b - 47 - 104. Suppose 200*f - 195*f + a = 0. What is the units digit of (1 - 0)/(f/(-2064))?
9
Let f(c) = -8*c**2 + 16*c + 8. Let d be f(4). Let l = 8 + d. Let x = -44 - l. What is the units digit of x?
4
Suppose 3*j + 75 = 8*j. Suppose 8*c = j*c + 588. Let v = c + 172. What is the tens digit of v?
8
Let a be (3 - (-4545)/(-21))*70/(-15). Let y = a - 431. What is the hundreds digit of y?
5
Let d be 21 + -19 - (-1 - 1). What is the tens digit of (-1 - 11) + d + 632?
2
Suppose -4*p = 38 + 14. Let b be (-2 - -1) + (0 - -16). Let w = b - p. What is the tens digit of w?
2
Let x = 104 - 14. Let n be ((-18)/(-27))/(4/(-402)). Let g = n + x. What is the units digit of g?
3
Suppose 100*g = 117369 + 334331. What is the hundreds digit of g?
5
Suppose 0 = -y + 2*y - 2. Let s be y/(-4)*(-1 + 3) - -19. Suppose j - 40 = s. What is the units digit of j?
8
What is the tens digit of (-82804)/(-10) - (4 + 161/(-35))?
8
Suppose -2*c - 5*x = -18, -3*c - 4*x + 6 = -2*c. Suppose c = -v - v. What is the hundreds digit of (-2)/v + 7731/63?
1
Suppose 9542 = 41*k - 165159. What is the thousands digit of k?
4
Let t = 26284 - 10673. What is the hundreds digit of t?
6
Suppose 13*y = 1674 + 224. Suppose 866 = 6*r + y. What is the hundreds digit of r?
1
Suppose -73*g + 39929 = -69*g - 3*j, 4*g = -2*j + 39934. What is the tens digit of g?
8
Suppose 18081 = -12*c + 214785. What is the ten thousands digit of c?
1
Suppose 22 = -5*h - 5*q - 3, 3*h - 2*q = -20. Let f(y) = -3*y**3 - 7*y**2 + 4*y - 19. What is the tens digit of f(h)?
5
Suppose 3*l = -d - 2*d - 6, 3*l = 4*d + 8. Suppose l = c - 7*c + 2406. What is the tens digit of c?
0
Let u(s) be the third derivative of -s**6/30 + s**5/6 - s**4/6 + 7*s**3/6 - 7*s**2. Let x be u(4). Let j = x - -304. What is the units digit of j?
9
Suppose -16*j + 4678 = -2490. Suppose 5*d + 869 = 4*n - 0*n, 2*d - j = -2*n. What is the units digit of n?
1
Suppose -3*w + 5 = -10. Let a = -36 + 36. What is the units digit of (-44 - w)*(a + -2)?
8
What is the ten thousands digit of 10163 + 289/170*10?
1
Let x = -147 + 6778. What is the tens digit of x?
3
Let i(t) = t**2 + 3698. What is the units digit of i(0)?
8
Suppose -53*s + 60 = -57*s. Let f(j) = -105*j - 17. What is the units digit of f(s)?
8
Let u(s) = 3*s + 14. Let d be u(-14). Let v = -24 - d. Suppose -v*h + 3*g = -66 - 39, -87 = -3*h + 5*g. What is the units digit of h?
4
Let x = -1650 + 569. Let r = 1754 + x. What is the units digit of r?
3
Let p = -195 - -200. Suppose 0 = -4*l - p*x + 1942, -2*l - 4*x = 24 - 998. What is the hundreds digit of l?
4
Let b = -16 + 2. Let p = 153 + -220. Let a = b - p. What is the tens digit of a?
5
Let n(f) = 11*f - 174. What is the hundreds digit of n(39)?
2
Let b(m) = 2*m - 1. Let l be b(3). Suppose -5 = -l*o, -4*o - 27 = -4*j - 3*o. Suppose g - j = 64. What is the units digit of g?
1
Let o(d) = d**3 + 4*d**2 - 4*d + 3. Let c be o(-5). Let v be (-2)/1 - c - (-3 - 0). Suppose -5*u = v*g - 13, 5*g - 16 = -3*u - 5. What is the units digit of u?
2
Let z(i) = -771*i**2 + 6*i - 3. Let j be z(7). What is the hundreds digit of j/(-66) - 2/(-11)?
5
What is the tens digit of (4/(-18))/(132/(-17937018))?
9
Let x be (2*4)/(-11 - -13). Let q be (-22)/(-3) - (0 + 8/6). Suppose 0 = -q*i - x*i + 1310. What is the units digit of i?
1
Let r(c) be the third derivative of c**5/30 - c**4/2 + 5*c**3/2 + 10*c**2 - 2*c. What is the tens digit of r(7)?
2
Let o = 55 + -40. Suppose 2*y - o = y. What is the tens digit of y?
1
Let a(v) = 23*v**2 + 8*v - 1. Suppose -6*y = -5*z - y + 35, -13 = z + 3*y. What is the units digit of a(z)?
7
Suppose -13*p = -14*p - n, -n = 5*p. Suppose -4*x + 4*u = -948, p*u + 4*u = -5*x + 1185. What is the units digit of x?
7
Suppose 155*w = -110*w + 29*w + 13731424. What is the tens digit of w?
8
Suppose -3*b - 23*b + 61854 = 0. Suppose 2*a - b = -3*y, 13 - 7 = -2*a. What is the units digit of y?
5
Let l = -298 - -496. Let q = 4221 - 4207. Suppose q*m = 8*m + l. What is the tens digit of m?
3
Suppose -4*o = n - 6107, 3*o - 7630 = -2*o - 2*n. Suppose -16*x + 2184 + o = 0. What is the units digit of x?
2
Suppose -16*s + 64*s = 574961 + 1913407. What is the thousands digit of s?
1
Let p be (20/(-15) + -1)*-36. Let q = -180 + p. Let a = q + 241. What is the tens digit of a?
4
Let w be (350 - -1)/(1/9). Let a = 4556 - w. What is the units digit of a?
7
Suppose 25*k - 22032 = -9*k. Let c = k + -313. What is the hundreds digit of c?
3
Let j(p) = -3*p**2 + 4*p + 217. Let k be j(0). Suppose 2*b - 651 = -3*w - 2*b, -4*b + k = w. What is the